5)))).
-16
What is -4 - -4 - (-4 - 2 - -2 - -2)?
2
-24 - (-14 - (9 + -1))
-2
What is the value of -6 + (34 + -10 - 35)?
-17
What is the value of 1912 + -1919 - (-2 + -2)?
-3
What is -20 + (3 - -5 - (-4 - -2))?
-10
22 - (21 + 24 - 17)
-6
Calculate (3 - 9) + (5 - 9) + (4 - 2).
-8
What is the value of -111 + 118 + (-18 - 2)?
-13
What is the value of -13 + (21 - (10 + -9))?
7
-9 - (-2 + 1 + -1 - (10 - 17))
-14
(30 - 7) + -22 - 8
-7
0 + 9 + 69 + -75 - (7 - 2)
-2
Evaluate 3 + (6 + -4 - 3) + 2 + 3.
7
Calculate -13 + -40 + 6 - -13.
-34
Calculate (12 - 18) + -7 + 39 + -6.
20
Calculate -30 - -2 - (-5 - 38).
15
Evaluate (-3 - (0 + 2 + -5)) + 118 + -113.
5
What is 5 - (14 - 8) - (-2 - 1 - -4)?
-2
(-7 - (0 - 11)) + 12 - 6
10
What is -6 + 10 + 11 + -4 + 4?
15
Evaluate 7 + -1 + 0 - (22 - (38 - 20)).
2
Evaluate (-3 - (-8 + 1)) + -1 + (5 - 20).
-12
What is (-6 - (-19 - -17)) + (3 - (1 + 7))?
-9
What is the value of 10 + -1 + 2 + (-75 - -46)?
-18
What is 4 - (7 - (17 + -9) - -9)?
-4
(-4 - 1) + -17 + (-18 - -38) + -16
-18
Calculate (1 - (-4 - (-6 - 1))) + 4 + -16.
-14
What is 18 + (27 + -39 - (0 + -1))?
7
Calculate 0 - -22 - ((-8 - 32) + 29).
33
What is -1 + (13 - 21 - -4)?
-5
What is the value of -5 - (-16 + -11 + 8 - (2 + 7))?
23
What is the value of -23 + (32 + -6 - -9)?
12
What is (13 + (6 - -1 - 8) - -6) + -5?
13
What is -22 - ((-22 - 1) + 5)?
-4
What is -25 - 2 - (95 + -101)?
-21
What is (10 - 3) + -1 + 2 + -22?
-14
What is the value of 1 + 22 + (-204 - -206)?
25
Evaluate (-4 - -4) + -1 + 14.
13
Evaluate 13 - ((9 - 18) + (0 - 3) + 5).
20
What is the value of (-5 - -9 - 10) + 8 + -6?
-4
What is the value of 3 - ((17 - 5) + -3)?
-6
Calculate -134 + 117 - (-1 + -1 + (1 - 3)).
-13
Evaluate -5 + (40 - 54 - -9).
-10
What is the value of -7 - (-4 + -2 + -9 + 22)?
-14
Calculate -29 + 31 - (8 + 4).
-10
(-1 - 14 - -15) + -4
-4
Evaluate 1 + 0 + 13 + -4 + 479 + -479.
10
Evaluate (-2 - 37) + (-222 - -232).
-29
What is the value of -4 + (27 - 23) + 2 + (-3 - 0)?
-1
Evaluate -4 + 6 + 2 + -10 + 0 + -12.
-18
Evaluate -20 + -6 + 0 + 13.
-13
What is 2 + (-17 - -17) - -35 - 1?
36
What is -27 + 34 - (34 + (-2 + 0 - 0))?
-25
Calculate 53 - (35 + -31 + 34).
15
What is the value of 1 - (23 + -49 + 20)?
7
Calculate (18 - (-2 + 17)) + 1.
4
Evaluate -5 - 1 - (-8 + 6 + (-6 - -8)).
-6
What is 27 + (12 + -13 + -1 - 9)?
16
Calculate -48 + (9 - -11) + -2 + -6 + 3.
-33
Evaluate -10 + -3 - (-13 + 34 + -20).
-14
Calculate 0 - 6 - ((11 - 5 - 26) + 7).
7
Evaluate 46 + -19 - (0 - -19).
8
What is the value of -14 - (-14 - (-28 - 5) - 2)?
-31
Calculate (-39 + 34 - (2 + -15)) + -2.
6
Calculate -9 + (40 + (-5 - 1) - 9).
16
What is the value of (-6 + -4 - -7 - 4) + -3?
-10
What is -25 - 4 - (96 + -117)?
-8
What is the value of 2 - (19 + -15 - (-1 + 2))?
-1
-64 + 31 + 30 - -29
26
-15 + -1 + (-17 + -20 + 21 - -7)
-25
Calculate -9 + (-45 - -53) + -13 + (3 - 3).
-14
Calculate (-74 - -70 - (0 + 0)) + (24 - 1).
19
-686 + 730 + -1 + -8
35
What is 16 - 14 - (4 + (3 - 5) + 13)?
-13
What is (-5 - 4) + -2 - (132 - 124)?
-19
Evaluate (178 - 176) + -1 + 0.
1
Calculate -4 + -18 + 7 - -22.
7
What is the value of 8 + -7 + 3 + -2 + (1 - 8)?
-5
What is the value of 3 + -17 - ((2 - 2) + (30 - 33))?
-11
What is the value of -25 + (-20 - (21 - 53))?
-13
Calculate (2 - (3 + 2)) + -5 + 19.
11
Evaluate 1 - (-28 - -39) - 5.
-15
(2 - (-1 + -3)) + (-17 - (-13 - -3))
-1
What is the value of -45 - (41 - 138 - -24)?
28
Calculate (-6 - (4 + -36 + -6 - 2)) + -6.
28
What is 66 - 77 - (42 - 20)?
-33
Evaluate 8 - 5 - 2 - -2.
3
5 - (-6 + 37 - 13)
-13
Calculate 12 + (-6 + -37 - -15) - -12.
-4
Calculate 11 + -18 + (-29 - -42).
6
Calculate 2 - (18 + -17 + 16).
-15
What is the value of 1 + 5 + 2 - (9 + -2 - 0)?
1
Calculate 2 + -15 - (15 + -6 + -10).
-12
Evaluate -62 - -61 - (1 + 8) - -7.
-3
What is (-6 - 11 - (18 + -29)) + (1 - -26)?
21
Evaluate 16 + -19 + (44 - 7).
34
What is the value of 8 + (25 - 17) + 10?
26
Evaluate 7 + (-15 - -12 - (6 + -20)).
18
What is 9 - (4 + 2) - (31 - (-1 + 6))?
-23
Evaluate (13 - 1 - 10) + 6.
8
What is 2 + -3 + 29 + (-75 - (20 - 92))?
25
What is -11 - (-2 + 2) - (-6 - (25 - 26))?
-6
Evaluate (25 - 40) + (12 - -2).
-1
What is the value of ((-8 - -2) + 5 - -7) + (-5 - -2)?
3
What is the value of 0 + 10 - (-27 - (-10 - 32))?
-5
Calculate 2 + (1 + -4 - (114 + -123)).
8
Evaluate (57 - 77) + (13 - 2).
-9
What is the value of 4 + ((7 - 0) + -12 + 1 - 20)?
-20
Evaluate -21 - ((7 - 12) + -9 + 9).
-16
22 + -16 + (-8 - 7) + 7
-2
-52 - 8 - -9 - -29
-22
What is 5 + (20 + (-4 - 17) - (-6 + 1))?
9
-17 - -2 - (346 - 355)
-6
What is (-17 - 2 - -2 - (-12 - -10)) + 2?
-13
Calculate 7 - ((-4 - -5) + 6 - (17 + -20)).
-3
Evaluate (3 - 22) + 22 + (-24 - -7).
-14
Evaluate 1 - -8 - (-68 + 50 + 17 + 0).
10
Calculate -20 - (-54 + -11 + 14 + -1).
32
What is the value of 9 + -2 + -3 - (4 - (35 + -35))?
0
What is the value of (-10 - (-4 + 0)) + 5 + 9 + 1?
9
Calculate 19 + 10 + (-4 - (-4 - -13)) - 0.
16
Evaluate (2 + 0 - -7 - (3 + 1)) + 9.
14
What is -1 + 1 - -3 - (13 - 19)?
9
Calculate -25 + -13 + 31 + -8.
-15
-11 - (-5 - 7 - -6)
-5
Evaluate -25 - (-5 + 28 - 70).
22
What is (-7 + -17 - -7) + (0 - 5 - -9)?
-13
What is the value of -17 + 36 + 0 - 4?
15
Calculate -87 + 61 - (3 + 2 + -1 - 8).
-22
Calculate 84 + -110 + 9 + 43.
26
3 + -10 - (-1 + -9)
3
Evaluate -8 - (-29 - -17) - (-2 - -21 - 3).
-12
What is the value of 5 + (-10 - -4) + 22 - (12 - 10)?
19
-3 + (-6 - ((2 - -2) + -8))
-5
What is the value of -2 - -8 - -1 - 5?
2
What is -26 - (5 - 31 - -4)?
-4
(45 - 22) + -40 - (-1 - -8)
-24
-16 + -3 + 16 + 2
-1
Evaluate 40 + (-16 - -17 - -4) + -14.
31
Evaluate (30 - (15 + 15)) + 14.
14
Calculate (37 - (-19 - -102)) + 39.
-7
Calculate (43 - 21) + -5 + 0.
17
What is -186 - -145 - (-4 - 26)?
-11
Evaluate -15 + (51 - (-2 - -13)) - 0.
25
Calculate (-1 - (-6 - (8 + -7 + -2))) + -3.
1
Calculate 2 + (-14 + -6 - -20) + (0 - -14).
16
Evaluate -12 - ((-3 - 0) + (83 - 81)).
-11
(25 - 26 - (-19 + 9)) + -28
-19
30 - (-11 - -8) - 22 - (-1 - -15)
-3
12 + -17 + (4 - (0 - 6)) - 7
-2
What is the value of 7 + 3 - (55 - 46)?
1
What is 2 + -20 + 10 + 31?
23
Calculate -4 + 7 - (0 + -1) - (-4 - -8).
0
What is 11 + -14 - (-7 - -8)?
-4
What is (-15 - (6 + -10 + -2)) + 7 + 8?
6
18 - (25 + -7) - (-4 + -7)
11
Calculate 205 + -219 + 2 + 4 + (-2 - 1).
-11
What is -6 + (3 - (-16 + (7 + -9 - 7)))?
22
What is -7 - ((-12 - (-12 - -5)) + 6 + -11)?
3
Calculate (3 - 3) + -195 + 186.
-9
What is the value of (-19 - -7) + 10 + 5 + -5 - -10?
8
Calculate -2 - (6 + -3 + -4 + 1 - 6).
4
(-6 - -38) + -12 - 4
16
Evaluate (-10 - -6) + (-8 + 4 + 1 - -24).
17
28 + -9 - (17 + -4)
6
What is the value of 5 + -9 + 4 - (-43 + 38)?
5
-6 + (24 - (14 + -2)) - -15
21
What is (-5 + 5 - 1) + 7 + 6?
12
Evaluate -36 - -39 - (-2 + -2 + 5 + 1).
1
What is -2 + 0 + -13 - (22 + -15 - 13)?
-9
Calculate 1 - (8 - 2) - (-228 - -203).
20
Calculate -15 - (16 + -36 + 1).
4
230 + -225 - (21 + 0) - (-4 - 0)
-12
44 + -14 + 0 + -10 + 1 + -6
15
25 - (0 + (4 - (14 + (-13 - -7))))
29
What is the value of 22 + -1 + -53 + 8 + 41?
17
What is 1 - -1 - (53 - 79 - (-22 - 2))?
4
What is the value of 408 + -414 + 3 + 0 + (15 - 2)?
10
Evaluate -18 - -16 - (12 + 1).
-15
What is -32 + (22 - 2) + 27?
15
Evaluate (1 - (-7 + -2 + 4)) + 1 - 6.
1
Evaluate 6 + -1 - (31 - 36).
10
Evaluate 25 + -14 + -4 + (-1 - 1) + 2.
7
Calculate -4 + 8 + (6 + (-2 - 2) - 21).
-15
What is the value of (3 - (-2 - -2)) + 51 + -48 - 14?
-8
What is the value of (1 - 7 - -4) + (-1 - 5) + -5?
-13
Evaluate 14 - (17 - -7 - -1) - 17.
-28
Calculate -8 + 9 + -27 + 8 + (-4 - -2).
-20
31 - (-2 - 17) - 29
21
Calculate 9 - (11 - (8 + 1)).
7
-3 - (-4 + 5 - 5 - 7 - 4)
12
What is (64 - (52 + -20)) + (2 - 21)?
13
Calculate -4 + (11 + -15 - (-21 - -1)).
12
Evaluate 7 - 6 - (1 + 5 - 11 - -20).
-14
Evaluate (11 - (11 - -10)) + 12 - -14.
16
What is 3 + (-8 + 3 + -6 - -5) + 0?
-3
-2 - (-16 + 6 + 2 + -4 + -1)
11
Evaluate 31 + 6 + -4 + -14 + -1.
18
What is the value of (2 - -1 - (280 - 277)) + 6?
6
Calculate 0 + -12 + (-185 - -207).
10
-1 + (2 - (-6 + 3)) + (2 - -4)
10
What is 6 - (-16 + 6 - -7)?
9
Evaluate -6 + (22 - ((6 - -10) + 3)).
-3
29 - (7 - (20 - ((-4 - -5) + 9)))
32
Evaluate -31 + 33 + 21 + -43.
-20
What is the value of (-12 - (5 + -3 + -10)) + 15?
11
Calculate (-3 - -20) +